81 (base 9) in base 4?
-11121203122
Convert 13a1b2 (base 15) to base 7.
11015150
What is -11001000110110111 (base 2) in base 10?
-102839
Convert 6562112 (base 7) to base 13.
2225a2
What is 220021303102 (base 4) in base 6?
1013335014
What is -7e24e (base 16) in base 4?
-1332021032
Convert 6b688 (base 13) to base 14.
51951
What is -12523334 (base 6) in base 2?
-1100101011100001010
What is -20010220022 (base 3) in base 13?
-43082
Convert 2320033202 (base 4) to base 16.
b83e2
Convert -1001010101222 (base 3) to base 13.
-164ca2
What is -165099 (base 13) in base 16?
-8732a
-120102300 (base 4) to base 13
-363a2
What is 17140 (base 10) in base 16?
42f4
Convert b93f (base 16) to base 6.
1003315
-14333144 (base 5) to base 2
-100101001011101011
-1065661 (base 7) to base 13
-4906c
Convert 643841 (base 14) to base 9.
6336753
-179a84 (base 11) to base 16
-43953
-1182878 (base 9) to base 16
-9d823
What is 13055511 (base 6) in base 10?
427651
What is 3ebca (base 15) in base 12?
9893a
What is -1a1921 (base 15) in base 16?
-136510
1d9c2 (base 16) to base 8
354702
What is 26f42f (base 16) in base 10?
2552879
Convert -110111010011110100 (base 2) to base 10.
-226548
11111100000110000100 (base 2) to base 4
3330012010
What is -212716 (base 10) in base 2?
-110011111011101100
What is -83390 (base 11) in base 4?
-131223233
What is 110101001001001001001101 (base 2) in base 4?
311021021031
34682 (base 15) to base 14
44b39
Convert -11100100011101110100 (base 2) to base 6.
-32020220
Convert 248821 (base 14) to base 8.
4616775
Convert 57572 (base 14) to base 13.
75880
8b904b (base 12) to base 2
1000100001011111111011
What is -3e4d9 (base 15) in base 6?
-4142553
110111000010110101001001 (base 2) to base 5
12143221023
28444 (base 14) to base 15
1e7bd
What is 4224b (base 12) in base 5?
10233442
What is -568015 (base 10) in base 13?
-16b706
-139017 (base 10) to base 7
-1116204
What is 47c13 (base 15) in base 16?
37deb
What is 51036330 (base 7) in base 12?
1508589
What is -d86aa8 (base 14) in base 10?
-7317612
Convert 11000101001000010 (base 2) to base 6.
2055134
Convert -500661 (base 7) to base 8.
-244624
Convert -31022163 (base 7) to base 9.
-4783086
What is -1035676 (base 9) in base 5?
-120232244
Convert -196ae6 (base 15) to base 12.
-4b8330
Convert 33101112220 (base 4) to base 3.
21112101102011
What is 12133300012 (base 5) in base 13?
2c870a1
What is 80d988 (base 15) in base 8?
27263104
-4100180 (base 12) to base 2
-101110100000110011110000
What is -439816 (base 11) in base 4?
-2223022203
What is 1110010101100011111 (base 2) in base 14?
c32c7
What is -8494 (base 16) in base 7?
-200644
-126455 (base 8) to base 12
-217a5
What is -2071222 (base 8) in base 2?
-10000111001010010010
What is 6243215 (base 7) in base 8?
2671253
Convert -9469800 (base 11) to base 14.
-230602a
-112100223 (base 4) to base 9
-148060
10101001101020 (base 3) to base 4
12311202132
Convert 17c74a (base 13) to base 4.
2102030231
-31540321 (base 6) to base 15
-135b34
-14877cc (base 14) to base 2
-100110001011100101011000
a81452 (base 11) to base 12
6b4a5a
Convert 373230 (base 8) to base 3.
20112111100
-222c01 (base 16) to base 15
-2e3844
-11000001100010011100 (base 2) to base 8
-3014234
Convert -20121111001 (base 3) to base 8.
-376102
-54163723 (base 8) to base 13
-252c08a
57263 (base 8) to base 14
8b99
Convert 4708a (base 11) to base 7.
402122
Convert 46042001 (base 7) to base 8.
17230565
61377 (base 8) to base 2
110001011111111
What is 3e0b91 (base 15) in base 13?
808936
-5352c1 (base 13) to base 7
-22414465
220200100012 (base 3) to base 2
1110110100110000010
What is -28b90d (base 16) in base 12?
-a88551
8bdb95 (base 14) to base 5
2204410002
Convert -10110001011100011111100 (base 2) to base 7.
-100264652
Convert ab7c8a (base 14) to base 11.
3317590
2d4c99 (base 14) to base 13
43806a
Convert -1246112 (base 8) to base 9.
-578248
Convert 534262 (base 7) to base 8.
265120
What is -111212430 (base 5) in base 12?
-1b85bb
What is -10100101101100000 (base 2) in base 12?
-41114
Convert -504a2a5 (base 12) to base 6.
-1254053525
Convert -16434233 (base 7) to base 6.
-54224122
53706471 (base 8) to base 10
11504953
2471568 (base 11) to base 3
22002001021102
16743 (base 13) to base 4
22133211
Convert -6727272 (base 8) to base 3.
-10102011121200
What is 2642ce (base 15) in base 9?
3408355
What is 2ab0a (base 15) in base 13?
4a76a
What is 10031300300 (base 5) in base 3?
200212022211002
-9b8b (base 16) to base 4
-21232023
-3820a (base 15) to base 13
-63820
4467001 (base 11) to base 15
a4945c
Convert -1000010110001110100 (base 2) to base 10.
-273524
Convert -11141440243 (base 5) to base 2.
-101111100000001011011101
Convert 26b35 (base 14) to base 16.
1750b
2827413 (base 11) to base 6
252221111
Convert 156256 (base 9) to base 3.
11220021220
What is 1320230031 (base 4) in base 2?
1111000101100001101
What is -3133556 (base 8) in base 15?
-116de5
Convert -44107 (base 10) to base 12.
-21637
Convert 356a8 (base 12) to base 5.
4244330
What is -1003012111 (base 4) in base 12?
-113071
132976 (base 13) to base 8
1610214
-1225242 (base 6) to base 16
-101ba
Convert 1100001000100000101101 (base 2) to base 12.
1094751
-928b47 (base 13) to base 3
-20102122221222
What is 25430 (base 15) in base 3?
20001100000
What is 4110334 (base 5) in base 10?
66344
What is 51b30c (base 13) in base 14?
379d60
What is -260200 (base 8) in base 13?
-320c7
What is 24471641 (base 8) in base 7?
63633541
Convert 1000311022101 (base 4) to base 3.
1011222102201000
-13174778 (base 9) to base 13
-1461185
Convert 303423 (base 6) to base 8.
57107
Convert -202020211 (base 3) to base 13.
-6949
What is 25d603 (base 14) in base 2?
100111110100000000011
What is 1010000000010100001 (base 2) in base 8?
1200241
Convert 244422021 (base 5) to base 15.
181b26
-126732 (base 8) to base 6
-542014
-3400100323 (base 5) to base 3
-111222020022021
What is 386c1 (base 14) in base 13?
4b0a4
102133100 (base 4) to base 12
379a8
Convert 121130430 (base 5) to base 16.
8a93f
-4552242 (base 8) to base 5
-303442312
What is -146002 (base 16) in base 10?
-1335298
10341534 (base 6) to base 4
1023122002
Convert -390504 (base 12) to base 11.
-58867a
-2011220210 (base 3) to base 11
-2a2a7
-3221143 (base 5) to base 12
-27698
Convert 10101110010111000111 (base 2) to base 4.
2232113013
Convert b4a97a (base 12) to base 4.
22311003232
What is -12589 (base 15) in base 16?
-e505
What is -110310121 (base 4) in base 10?
-85273
-21113311133 (base 4) to base 11
-1428a20
1cb088 (base 13) to base 16
b4400
-11101000110010001 (base 2) to base 8
-350621
Convert -1b2a2 (base 15) to base 9.
-144168
14134234 (base 5) to base 8
435422
1014457 (base 13) to base 7
56231254
What is -54c0a (base 15) in base 12?
-10ba47
What is -4005 (base 13) in base 8?
-21131
-12321310011 (base 4) to base 9
-3357353
What is -42221101 (base 5) in base 13?
-c3c3b
What is -34202414 (base 5) in base 16?
-4a17c
Convert 1a801 (base 15) to base 4.
111002200
75284 (base 12) to base 15
30a3a
Convert -31404 (base 11) to base 2.
-1011001010101110
What is 1100211222 (base 3) in base 5?
1324424
Convert -1021110110000210 (base 3) to base 10.
-18313959
-211010330213 (base 4) to base 2
-100101000100111100100111
Convert 2140114 (base 6) to base 12.
5163a
Convert -202307 (base 9) to base 10.
-119806
Convert 4df93 (base 16) to base 5.
40210004
-20034200 (base 5) to base 11
-a9240
20785a (base 12) to base 11
3199aa
Convert 208968 (base 11) to base 9.
558034
Convert 11201210332 (base 4) to base 9.
2646561
Convert -14868a (base 12) to base 14.
-90430
101100110101101101 (base 2) to base 6
3534141
Convert 203653 (base 8) to base 5.
4124444
-41214434 (base 5) to base 16
-51f03
What is -338a52 (base 14) in base 11?
-a97918
Convert a4bd (base 14) to base 5.
1402031
3213033012 (base 4) to base 9
1703210
What is -50fff (base 16) in base 12?
-13bbbb
-20435140 (base 6) to base 13
-17b386
Convert -190539 (base 12) to base 2.
-1101010011111111101
Convert 3a598 (base 13) to base 9.
175002
-1111010000011010 (base 2) to base 13
-2259c
-10002211200101 (base 3) to base 7
-20012101
What is -1000001222210 (base 3) in base 12?
-218479
What is -242363 (base 7) in base 11?
-30148
-cc7a82 (base 13) to base 9
-10048460
What is 581123 (base 10) in base 7?
4640144
15564455 (base 7